{"id":19,"date":"2026-01-11T15:20:50","date_gmt":"2026-01-11T15:20:50","guid":{"rendered":"http:\/\/cabelia.fr\/?page_id=19"},"modified":"2026-01-29T10:17:47","modified_gmt":"2026-01-29T10:17:47","slug":"accueil","status":"publish","type":"page","link":"https:\/\/cabelia.fr\/","title":{"rendered":"Accueil"},"content":{"rendered":"<div class=\"et_pb_section_0 et_pb_section et_section_regular et_block_section\">\n<div class=\"et_pb_row_0 et_pb_row et_flex_row\">\n<div class=\"et_pb_column_0 et_pb_column et-last-child et_flex_column et_pb_css_mix_blend_mode_passthrough et_flex_column_24_24\">\n<div class=\"et_pb_group_0 et_pb_group et-last-child et_pb_module et_flex_group et_pb_css_mix_blend_mode_passthrough\">\n<div class=\"et_pb_row_1 et_pb_row et_pb_row_nested et_flex_row\">\n<div class=\"et_pb_column_1 et_pb_column et-last-child et_flex_column et_pb_css_mix_blend_mode_passthrough et_flex_column_24_24\">\n<div class=\"et_pb_row_2 et_pb_row et_pb_gutters3 et_pb_row_nested et_block_row\">\n<div class=\"et_pb_column_2 et_pb_column et_pb_column_4_4 et-last-child et_block_column et_pb_css_mix_blend_mode_passthrough\">\n<div class=\"et_pb_text_0 et_pb_text et_pb_bg_layout_dark et_pb_module et_block_module\"><div class=\"et_pb_text_inner\" data-et-mv-hidden-phone=\"true\"><p><span dir=\"auto\" style=\"vertical-align: inherit;\"><span dir=\"auto\" style=\"vertical-align: inherit;\"><span dir=\"auto\" style=\"vertical-align: inherit;\"><span dir=\"auto\" style=\"vertical-align: inherit;\"><span dir=\"auto\" style=\"vertical-align: inherit;\"><span dir=\"auto\" style=\"vertical-align: inherit;\"><span dir=\"auto\" style=\"vertical-align: inherit;\"><span dir=\"auto\" style=\"vertical-align: inherit;\">Le <strong>b<\/strong><\/span><\/span><\/span><\/span><\/span><\/span><\/span><\/span><strong><span dir=\"auto\" style=\"vertical-align: inherit;\"><span dir=\"auto\" style=\"vertical-align: inherit;\"><span dir=\"auto\" style=\"vertical-align: inherit;\"><span dir=\"auto\" style=\"vertical-align: inherit;\"><span dir=\"auto\" style=\"vertical-align: inherit;\"><span dir=\"auto\" style=\"vertical-align: inherit;\"><span dir=\"auto\" style=\"vertical-align: inherit;\"><span dir=\"auto\" style=\"vertical-align: inherit;\"><strong>i<\/strong>en-\u00eatre <\/span><\/span><\/span><\/span><\/span><\/span><\/span><\/span><\/strong><span dir=\"auto\" style=\"vertical-align: inherit;\"><span dir=\"auto\" style=\"vertical-align: inherit;\"><span dir=\"auto\" style=\"vertical-align: inherit;\"><span dir=\"auto\" style=\"vertical-align: inherit;\"><span dir=\"auto\" style=\"vertical-align: inherit;\"><span dir=\"auto\" style=\"vertical-align: inherit;\"><span dir=\"auto\" style=\"vertical-align: inherit;\"><span dir=\"auto\" style=\"vertical-align: inherit;\">en entreprise<\/span><\/span><\/span><\/span><\/span><\/span><\/span><\/span><strong><span dir=\"auto\" style=\"vertical-align: inherit;\"><span dir=\"auto\" style=\"vertical-align: inherit;\"><span dir=\"auto\" style=\"vertical-align: inherit;\"><span dir=\"auto\" style=\"vertical-align: inherit;\"><span dir=\"auto\" style=\"vertical-align: inherit;\"><span dir=\"auto\" style=\"vertical-align: inherit;\"><span dir=\"auto\" style=\"vertical-align: inherit;\"><span dir=\"auto\" style=\"vertical-align: inherit;\">, <\/span><\/span><\/span><\/span><\/span><\/span><\/span><\/span><\/strong><\/p>\n<p><strong><span dir=\"auto\" style=\"vertical-align: inherit;\"><span dir=\"auto\" style=\"vertical-align: inherit;\"><span dir=\"auto\" style=\"vertical-align: inherit;\"><span dir=\"auto\" style=\"vertical-align: inherit;\"><span dir=\"auto\" style=\"vertical-align: inherit;\"><span dir=\"auto\" style=\"vertical-align: inherit;\"><span dir=\"auto\" style=\"vertical-align: inherit;\"><span dir=\"auto\" style=\"vertical-align: inherit;\">cl\u00e9 en main<\/span><\/span><\/span><\/span><\/span><\/span><\/span><\/span><\/strong><\/p>\n<\/div><\/div>\n<\/div>\n<\/div>\n<\/div>\n<\/div>\n<\/div>\n<\/div>\n<\/div>\n<\/div>\n\n<div class=\"et_pb_section_1 et_pb_section et_section_regular et_flex_section\">\n<div class=\"et_pb_row_3 et_pb_row et_flex_row\">\n<div class=\"et_pb_column_3 et_pb_column et-last-child et_flex_column et_pb_css_mix_blend_mode_passthrough et_flex_column_24_24\">\n<div class=\"et_pb_heading_0 et_pb_heading et_pb_module et_flex_module\"><div class=\"et_pb_heading_container\"><h2 class=\"et_pb_module_header\">Des prestations bien-\u00eatre sur mesure pour vos \u00e9quipes<\/h2><\/div><\/div>\n\n<div class=\"et_pb_text_1 et_pb_text et_pb_bg_layout_light et_pb_module et_flex_module\"><div class=\"et_pb_text_inner\"><p>Nous accompagnons les entreprises dans leurs d\u00e9marches de <strong>Qualit\u00e9 de Vie et des Conditions de Travail<\/strong> (QVCT) en proposant \u00e0 leurs \u00e9quipes des moments de <strong>d\u00e9tente,<\/strong> de p<strong>r\u00e9vention<\/strong> et de <strong>coh\u00e9sion<\/strong>.<\/p>\n<p>Gr\u00e2ce \u00e0 un r\u00e9seau d\u2019<strong>intervenants qualifi\u00e9s et passionn\u00e9s<\/strong>, nous concevons des <strong>prestations adapt\u00e9es<\/strong> \u00e0 vos enjeux : sophrologie, massage, yoga, r\u00e9veil musculaire, m\u00e9ditation, ateliers nutrition ou sommeil\u2026<\/p>\n<p><strong>Cab\u00e9lia<\/strong> prend en charge <strong>l\u2019ensemble de l\u2019organisation<\/strong> : planification, logistique, coordination et suivi.<\/p>\n<p>Vous b\u00e9n\u00e9ficiez ainsi d\u2019une <strong>solution simple, fiable et professionnelle<\/strong>, avec un <strong>interlocuteur unique.<\/strong><\/p>\n<\/div><\/div>\n<\/div>\n<\/div>\n<\/div>\n\n<div class=\"et_pb_section_2 et_pb_section et_section_regular et_flex_section\">\n<div class=\"et_pb_row_4 et_pb_row et_flex_row\">\n<div class=\"et_pb_column_4 et_pb_column et_flex_column et_pb_css_mix_blend_mode_passthrough et_flex_column_6_24 et_flex_column_12_24_tablet et_flex_column_24_24_phone\">\n<div class=\"et_pb_blurb_0 et_pb_blurb et_pb_bg_layout_light et_pb_text_align_left et_pb_blurb_position_top et_pb_module et_flex_module\"><div class=\"et_pb_blurb_content et_flex_module\"><div class=\"et_pb_main_blurb_image\"><span class=\"et_pb_image_wrap\"><span class=\"et-pb-icon et-waypoint et_pb_animation_top et_pb_animation_top_tablet et_pb_animation_top_phone\">\uf2bd<\/span><\/span><\/div><div class=\"et_pb_blurb_container\"><h4 class=\"et_pb_module_header\">Un interlocuteur unique<\/h4><div class=\"et_pb_blurb_description\"><p>Un seul contact pour toutes vos actions bien-\u00eatre, de la demande \u00e0 la r\u00e9alisation.<\/p>\n<\/div><\/div><\/div><\/div>\n<\/div>\n\n<div class=\"et_pb_column_5 et_pb_column et_flex_column et_pb_css_mix_blend_mode_passthrough et_flex_column_6_24 et_flex_column_12_24_tablet et_flex_column_24_24_phone\">\n<div class=\"et_pb_blurb_1 et_pb_blurb et_pb_bg_layout_light et_pb_text_align_left et_pb_blurb_position_top et_pb_module et_flex_module\"><div class=\"et_pb_blurb_content et_flex_module\"><div class=\"et_pb_main_blurb_image\"><span class=\"et_pb_image_wrap\"><span class=\"et-pb-icon et-waypoint et_pb_animation_top et_pb_animation_top_tablet et_pb_animation_top_phone\">\uf5bf<\/span><\/span><\/div><div class=\"et_pb_blurb_container\"><h4 class=\"et_pb_module_header\">Un r\u00e9seau d\u2019intervenants certifi\u00e9s<\/h4><div class=\"et_pb_blurb_description\"><p>Des professionnels s\u00e9lectionn\u00e9s pour  leur expertise et leur posture.<\/p>\n<\/div><\/div><\/div><\/div>\n<\/div>\n\n<div class=\"et_pb_column_6 et_pb_column et_flex_column et_pb_css_mix_blend_mode_passthrough et_flex_column_6_24 et_flex_column_12_24_tablet et_flex_column_24_24_phone\">\n<div class=\"et_pb_blurb_2 et_pb_blurb et_pb_bg_layout_light et_pb_text_align_left et_pb_blurb_position_top et_pb_module et_flex_module\"><div class=\"et_pb_blurb_content et_flex_module\"><div class=\"et_pb_main_blurb_image\"><span class=\"et_pb_image_wrap\"><span class=\"et-pb-icon et-waypoint et_pb_animation_top et_pb_animation_top_tablet et_pb_animation_top_phone\">\uf085<\/span><\/span><\/div><div class=\"et_pb_blurb_container\"><h4 class=\"et_pb_module_header\">Une organisation cl\u00e9 en main<\/h4><div class=\"et_pb_blurb_description\"><p>Simple, rapide et efficace, sans charge suppl\u00e9mentaire pour vos \u00e9quipes<\/p>\n<\/div><\/div><\/div><\/div>\n<\/div>\n\n<div class=\"et_pb_column_7 et_pb_column et-last-child et_flex_column et_pb_css_mix_blend_mode_passthrough et_flex_column_6_24 et_flex_column_12_24_tablet et_flex_column_24_24_phone\">\n<div class=\"et_pb_blurb_3 et_pb_blurb et_pb_bg_layout_light et_pb_text_align_left et_pb_blurb_position_top et_pb_module et_flex_module\"><div class=\"et_pb_blurb_content et_flex_module\"><div class=\"et_pb_main_blurb_image\"><span class=\"et_pb_image_wrap\"><span class=\"et-pb-icon et-waypoint et_pb_animation_top et_pb_animation_top_tablet et_pb_animation_top_phone\">\ue0f9<\/span><\/span><\/div><div class=\"et_pb_blurb_container\"><h4 class=\"et_pb_module_header\">Des prestations sur mesure<\/h4><div class=\"et_pb_blurb_description\"><p>Adapt\u00e9es aux besoins, aux contraintes et aux objectifs de votre entreprise.<\/p>\n<\/div><\/div><\/div><\/div>\n<\/div>\n<\/div>\n<\/div>\n\n<div class=\"et_pb_section_3 et_pb_section et_section_regular et_flex_section\">\n<div class=\"et_pb_row_5 et_pb_row et_flex_row\">\n<div class=\"et_pb_column_8 et_pb_column et-last-child et_flex_column et_pb_css_mix_blend_mode_passthrough et_flex_column_24_24\">\n<div class=\"et_pb_module et_pb_button_module_wrapper et_pb_button_0_wrapper\"><a class=\"et_pb_button_0 et_pb_button et_pb_bg_layout_dark et_pb_module et_flex_module\" href=\"https:\/\/cabelia.fr\/index.php\/comment-ca-marche\/#ancre\">En savoir plus<\/a><\/div>\n<\/div>\n<\/div>\n<\/div>\n\n<div class=\"et_pb_section_4 et_pb_section et_section_regular et_flex_section\"><span class=\"et_pb_background_pattern\"><\/span>\n<div class=\"et_pb_row_6 et_pb_row et_pb_gutters3 et_grid_row\">\n<div class=\"et_pb_column_9 et_pb_column et-last-child et_flex_column et_pb_css_mix_blend_mode_passthrough\">\n<div class=\"et_pb_heading_1 et_pb_heading et_pb_module et_flex_module\"><div class=\"et_pb_heading_container\"><h3 class=\"et_pb_module_header\">Exemples d\u2019ateliers bien-\u00eatre en entreprise des formats adapt\u00e9s \u00e0 vos enjeux, vos \u00e9quipes et votre organisation.<\/h3><\/div><\/div>\n<\/div>\n<\/div>\n\n<div class=\"et_pb_row_7 et_pb_row et_flex_row\">\n<div class=\"et_pb_column_10 et_pb_column et_flex_column et_pb_css_mix_blend_mode_passthrough et_flex_column_6_24 et_flex_column_12_24_tablet et_flex_column_24_24_phone\">\n<div class=\"et_pb_image_0 et_pb_image et_pb_module et_flex_module\"><span class=\"et_pb_image_wrap\"><img loading=\"lazy\" decoding=\"async\" src=\"https:\/\/cabelia.fr\/wp-content\/uploads\/2026\/01\/bouchent-les-mains-en-massant-le-cou-du-patient-scaled.jpg\" alt=\"Massage bien-\u00eatre en entreprise pour r\u00e9duire le stress et am\u00e9liorer la QVCT\" title=\"Massage en entreprise \u2013 Cab\u00e9lia\" width=\"2560\" height=\"1707\" srcset=\"https:\/\/cabelia.fr\/wp-content\/uploads\/2026\/01\/bouchent-les-mains-en-massant-le-cou-du-patient-scaled.jpg 2560w, https:\/\/cabelia.fr\/wp-content\/uploads\/2026\/01\/bouchent-les-mains-en-massant-le-cou-du-patient-1280x854.jpg 1280w, https:\/\/cabelia.fr\/wp-content\/uploads\/2026\/01\/bouchent-les-mains-en-massant-le-cou-du-patient-980x653.jpg 980w, https:\/\/cabelia.fr\/wp-content\/uploads\/2026\/01\/bouchent-les-mains-en-massant-le-cou-du-patient-480x320.jpg 480w\" sizes=\"(min-width: 0px) and (max-width: 480px) 480px, (min-width: 481px) and (max-width: 980px) 980px, (min-width: 981px) and (max-width: 1280px) 1280px, (min-width: 1281px) 2560px, 100vw\" class=\"wp-image-128\" \/><\/span><\/div>\n\n<div class=\"et_pb_heading_2 et_pb_heading et_pb_module et_flex_module\"><div class=\"et_pb_heading_container\"><h6 class=\"et_pb_module_header\">Massage<\/h6><\/div><\/div>\n<\/div>\n\n<div class=\"et_pb_column_11 et_pb_column et_flex_column et_pb_css_mix_blend_mode_passthrough et_flex_column_6_24 et_flex_column_12_24_tablet et_flex_column_24_24_phone\">\n<div class=\"et_pb_image_1 et_pb_image et_pb_module et_flex_module\"><span class=\"et_pb_image_wrap\"><img loading=\"lazy\" decoding=\"async\" src=\"https:\/\/cabelia.fr\/wp-content\/uploads\/2026\/01\/successful-businesswoman-team-scaled.webp\" title=\"successful-businesswoman-team\" width=\"2560\" height=\"1707\" srcset=\"https:\/\/cabelia.fr\/wp-content\/uploads\/2026\/01\/successful-businesswoman-team-scaled.webp 2560w, https:\/\/cabelia.fr\/wp-content\/uploads\/2026\/01\/successful-businesswoman-team-300x200.webp 300w, https:\/\/cabelia.fr\/wp-content\/uploads\/2026\/01\/successful-businesswoman-team-1024x683.webp 1024w, https:\/\/cabelia.fr\/wp-content\/uploads\/2026\/01\/successful-businesswoman-team-768x512.webp 768w, https:\/\/cabelia.fr\/wp-content\/uploads\/2026\/01\/successful-businesswoman-team-1536x1024.webp 1536w, https:\/\/cabelia.fr\/wp-content\/uploads\/2026\/01\/successful-businesswoman-team-2048x1365.webp 2048w, https:\/\/cabelia.fr\/wp-content\/uploads\/2026\/01\/successful-businesswoman-team-1080x720.webp 1080w\" sizes=\"(max-width: 2560px) 100vw, 2560px\" class=\"wp-image-472\" alt=\"Atelier nutrition et sommeil en entreprise pour am\u00e9liorer l\u2019\u00e9nergie et la concentration\" \/><\/span><\/div>\n\n<div class=\"et_pb_heading_3 et_pb_heading et_pb_module et_flex_module\"><div class=\"et_pb_heading_container\"><h6 class=\"et_pb_module_header\">Atelier nutrition et sommeil<\/h6><\/div><\/div>\n<\/div>\n\n<div class=\"et_pb_column_12 et_pb_column et_flex_column et_pb_css_mix_blend_mode_passthrough et_flex_column_6_24 et_flex_column_12_24_tablet et_flex_column_24_24_phone\">\n<div class=\"et_pb_image_2 et_pb_image et_pb_module et_flex_module\"><span class=\"et_pb_image_wrap\"><img loading=\"lazy\" decoding=\"async\" src=\"https:\/\/cabelia.fr\/wp-content\/uploads\/2026\/01\/pexels-yankrukov-8436482-scaled.jpg\" alt=\"S\u00e9ance de relaxation et m\u00e9ditation en entreprise pour la gestion du stress\" title=\"Relaxation et m\u00e9ditation au travail\" width=\"2560\" height=\"1707\" srcset=\"https:\/\/cabelia.fr\/wp-content\/uploads\/2026\/01\/pexels-yankrukov-8436482-scaled.jpg 2560w, https:\/\/cabelia.fr\/wp-content\/uploads\/2026\/01\/pexels-yankrukov-8436482-1280x854.jpg 1280w, https:\/\/cabelia.fr\/wp-content\/uploads\/2026\/01\/pexels-yankrukov-8436482-980x653.jpg 980w, https:\/\/cabelia.fr\/wp-content\/uploads\/2026\/01\/pexels-yankrukov-8436482-480x320.jpg 480w\" sizes=\"(min-width: 0px) and (max-width: 480px) 480px, (min-width: 481px) and (max-width: 980px) 980px, (min-width: 981px) and (max-width: 1280px) 1280px, (min-width: 1281px) 2560px, 100vw\" class=\"wp-image-129\" \/><\/span><\/div>\n\n<div class=\"et_pb_heading_4 et_pb_heading et_pb_module et_flex_module\"><div class=\"et_pb_heading_container\"><h6 class=\"et_pb_module_header\">Relaxation et m\u00e9ditation<\/h6><\/div><\/div>\n<\/div>\n\n<div class=\"et_pb_column_13 et_pb_column et-last-child et_flex_column et_pb_css_mix_blend_mode_passthrough et_flex_column_6_24 et_flex_column_12_24_tablet et_flex_column_24_24_phone\">\n<div class=\"et_pb_image_3 et_pb_image et_pb_module et_flex_module\"><span class=\"et_pb_image_wrap\"><img loading=\"lazy\" decoding=\"async\" src=\"https:\/\/cabelia.fr\/wp-content\/uploads\/2026\/01\/2149038729.jpg\" alt=\"R\u00e9veil musculaire en entreprise pour pr\u00e9venir les troubles musculo-squelettiques\" title=\"R\u00e9veil musculaire en entreprise\" width=\"1000\" height=\"667\" srcset=\"https:\/\/cabelia.fr\/wp-content\/uploads\/2026\/01\/2149038729.jpg 1000w, https:\/\/cabelia.fr\/wp-content\/uploads\/2026\/01\/2149038729-980x654.jpg 980w, https:\/\/cabelia.fr\/wp-content\/uploads\/2026\/01\/2149038729-480x320.jpg 480w\" sizes=\"(min-width: 0px) and (max-width: 480px) 480px, (min-width: 481px) and (max-width: 980px) 980px, (min-width: 981px) 1000px, 100vw\" class=\"wp-image-422\" \/><\/span><\/div>\n\n<div class=\"et_pb_heading_5 et_pb_heading et_pb_module et_flex_module\"><div class=\"et_pb_heading_container\"><h6 class=\"et_pb_module_header\">R\u00e9veil musculaire<\/h6><\/div><\/div>\n<\/div>\n<\/div>\n\n<div class=\"et_pb_row_8 et_pb_row et_flex_row\">\n<div class=\"et_pb_column_14 et_pb_column et-last-child et_flex_column et_pb_css_mix_blend_mode_passthrough et_flex_column_24_24\">\n<div class=\"et_pb_module et_pb_button_module_wrapper et_pb_button_1_wrapper\"><a class=\"et_pb_button_1 et_pb_button et_pb_bg_layout_light et_pb_module et_flex_module\" href=\"https:\/\/cabelia.fr\/index.php\/nos-interventions\/\">En savoir plus<\/a><\/div>\n<\/div>\n<\/div>\n<\/div>\n\n<div class=\"et_pb_section_5 et_pb_section et_section_regular et_flex_section\">\n<div class=\"et_pb_row_9 et_pb_row et_flex_row\">\n<div class=\"et_pb_column_15 et_pb_column et-last-child et_flex_column et_pb_css_mix_blend_mode_passthrough et_flex_column_24_24 et_flex_column_24_24_tablet et_flex_column_24_24_phone\">\n<div class=\"et_pb_group_1 et_pb_group et-last-child et_pb_module et_flex_group et_pb_css_mix_blend_mode_passthrough\">\n<div class=\"et_pb_row_10 et_pb_row et_pb_row_nested et_flex_row\">\n<div class=\"et_pb_column_16 et_pb_column et_flex_column et_pb_css_mix_blend_mode_passthrough et_flex_column_12_24 et_flex_column_24_24_phone\">\n<div class=\"et_pb_image_4 et_pb_image et_pb_image_bottom_space_tablet et_pb_module et_flex_module\"><span class=\"et_pb_image_wrap\"><img loading=\"lazy\" decoding=\"async\" src=\"https:\/\/cabelia.fr\/wp-content\/uploads\/2026\/01\/pr-firm_02.jpg\" alt=\"Organisation cl\u00e9 en main d\u2019actions bien-\u00eatre en entreprise par Cab\u00e9lia\" title=\"Organisation bien-\u00eatre cl\u00e9 en main\" width=\"1280\" height=\"996\" srcset=\"https:\/\/cabelia.fr\/wp-content\/uploads\/2026\/01\/pr-firm_02.jpg 1280w, https:\/\/cabelia.fr\/wp-content\/uploads\/2026\/01\/pr-firm_02-980x763.jpg 980w, https:\/\/cabelia.fr\/wp-content\/uploads\/2026\/01\/pr-firm_02-480x374.jpg 480w\" sizes=\"(min-width: 0px) and (max-width: 480px) 480px, (min-width: 481px) and (max-width: 980px) 980px, (min-width: 981px) 1280px, 100vw\" class=\"wp-image-29\" \/><\/span><\/div>\n<\/div>\n\n<div class=\"et_pb_column_17 et_pb_column et-last-child et_flex_column et_pb_css_mix_blend_mode_passthrough et_flex_column_12_24 et_flex_column_24_24_phone\">\n<div class=\"et_pb_heading_6 et_pb_heading et_pb_module et_flex_module\"><div class=\"et_pb_heading_container\"><h3 class=\"et_pb_module_header\">Une solution simple de A \u00e0 Z :<\/h3><\/div><\/div>\n\n<div class=\"et_pb_text_2 et_pb_text et_pb_bg_layout_light et_pb_module et_flex_module\"><\/div>\n\n<div class=\"et_pb_text_3 et_pb_text et_pb_bg_layout_light et_pb_module et_flex_module\"><div class=\"et_pb_text_inner\"><ul>\n<li>Analyse de vos besoins<\/li>\n<li>Proposition d&rsquo;interventions adapt\u00e9es<\/li>\n<li>Coordination des intervenants<\/li>\n<li>Gestion administrative et facturation unique<\/li>\n<\/ul>\n<\/div><\/div>\n<\/div>\n<\/div>\n<\/div>\n<\/div>\n<\/div>\n<\/div>\n\n<div class=\"et_pb_section_6 et_pb_section et_section_regular et_flex_section\">\n<div class=\"et_pb_row_11 et_pb_row et_flex_row\">\n<div class=\"et_pb_column_18 et_pb_column et-last-child et_flex_column et_pb_css_mix_blend_mode_passthrough et_flex_column_24_24\">\n<div class=\"et_pb_group_2 et_pb_group et-last-child et_pb_module et_flex_group et_pb_css_mix_blend_mode_passthrough\">\n<div class=\"et_pb_text_4 et_pb_text et_pb_bg_layout_light et_pb_module et_flex_module\"><div class=\"et_pb_text_inner\"><p style=\"text-align: center;\">\u00ab Le bien-\u00eatre en entreprise n&rsquo;est pas un luxe, c&rsquo;est un levier de qualit\u00e9 et d&rsquo;engagement. \u00bb<\/p>\n<\/div><\/div>\n\n<div class=\"et_pb_text_5 et_pb_text et_pb_bg_layout_light et_pb_module et_flex_module\"><div class=\"et_pb_text_inner\"><p>&#8211; Cab\u00e9lia &#8211;<\/p>\n<\/div><\/div>\n<\/div>\n<\/div>\n<\/div>\n<\/div>","protected":false},"excerpt":{"rendered":"","protected":false},"author":1,"featured_media":0,"parent":0,"menu_order":0,"comment_status":"closed","ping_status":"closed","template":"","meta":{"_seopress_robots_primary_cat":"","_seopress_titles_title":"Bien-\u00eatre en entreprise & QVCT cl\u00e9 en main | Cab\u00e9lia","_seopress_titles_desc":"Cab\u00e9lia accompagne les entreprises dans leurs actions de bien-\u00eatre et QVCT : massages, ateliers, organisation cl\u00e9 en main et intervenants qualifi\u00e9s.","_seopress_robots_index":"","footnotes":""},"class_list":["post-19","page","type-page","status-publish","hentry"],"_links":{"self":[{"href":"https:\/\/cabelia.fr\/index.php\/wp-json\/wp\/v2\/pages\/19","targetHints":{"allow":["GET"]}}],"collection":[{"href":"https:\/\/cabelia.fr\/index.php\/wp-json\/wp\/v2\/pages"}],"about":[{"href":"https:\/\/cabelia.fr\/index.php\/wp-json\/wp\/v2\/types\/page"}],"author":[{"embeddable":true,"href":"https:\/\/cabelia.fr\/index.php\/wp-json\/wp\/v2\/users\/1"}],"replies":[{"embeddable":true,"href":"https:\/\/cabelia.fr\/index.php\/wp-json\/wp\/v2\/comments?post=19"}],"version-history":[{"count":63,"href":"https:\/\/cabelia.fr\/index.php\/wp-json\/wp\/v2\/pages\/19\/revisions"}],"predecessor-version":[{"id":476,"href":"https:\/\/cabelia.fr\/index.php\/wp-json\/wp\/v2\/pages\/19\/revisions\/476"}],"wp:attachment":[{"href":"https:\/\/cabelia.fr\/index.php\/wp-json\/wp\/v2\/media?parent=19"}],"curies":[{"name":"wp","href":"https:\/\/api.w.org\/{rel}","templated":true}]}}