{"id":100,"date":"2026-01-13T08:59:01","date_gmt":"2026-01-13T08:59:01","guid":{"rendered":"https:\/\/cabelia.fr\/?page_id=100"},"modified":"2026-01-29T10:30:08","modified_gmt":"2026-01-29T10:30:08","slug":"comment-ca-marche","status":"publish","type":"page","link":"https:\/\/cabelia.fr\/index.php\/comment-ca-marche\/","title":{"rendered":"Comment \u00e7a marche"},"content":{"rendered":"<div class=\"et_pb_section_0 et_pb_section et_section_regular et_flex_section\">\n<div class=\"et_pb_row_0 et_pb_row et_pb_gutters3 et_grid_row\" id=\"ancre\">\n<div class=\"et_pb_column_0 et_pb_column et-last-child et_flex_column et_pb_css_mix_blend_mode_passthrough\">\n<div class=\"et_pb_heading_0 et_pb_heading et_pb_module et_flex_module\" id=\"ancre1\"><div class=\"et_pb_heading_container\"><h1 class=\"et_pb_module_header\">Une organisation simple et ma\u00eetris\u00e9e<\/h1><\/div><\/div>\n<\/div>\n<\/div>\n\n<div class=\"et_pb_row_1 et_pb_row et_flex_row\">\n<div class=\"et_pb_column_1 et_pb_column et-last-child et_flex_column et_pb_css_mix_blend_mode_passthrough et_flex_column_24_24\">\n<div class=\"et_pb_text_0 et_pb_text et_pb_bg_layout_light et_pb_module et_flex_module\"><div class=\"et_pb_text_inner\"><p>Chez <strong>Cab\u00e9lia<\/strong>, nous facilitons la mise en place d&rsquo;actions bien-\u00eatre en entreprise gr\u00e2ce \u00e0 une organisation claire et structur\u00e9e.<\/p>\n<p>Vous b\u00e9n\u00e9ficiez d&rsquo;un interlocuteur unique et d&rsquo;une prise en charge compl\u00e8te, de la d\u00e9finition de votre besoin jusqu&rsquo;\u00e0 la facturation.<\/p>\n<\/div><\/div>\n<\/div>\n<\/div>\n<\/div>\n\n<div class=\"et_pb_section_1 et_pb_section et_section_regular et_flex_section\"><span class=\"et_pb_background_pattern\"><\/span>\n<div class=\"et_pb_row_2 et_pb_row et_flex_row\">\n<div class=\"et_pb_column_2 et_pb_column et-last-child et_flex_column et_pb_css_mix_blend_mode_passthrough et_flex_column_24_24\">\n<div class=\"et_pb_blurb_0 et_pb_blurb et_pb_bg_layout_light et_pb_text_align_left et_pb_blurb_position_top et_pb_module et_flex_module\"><div class=\"et_pb_blurb_content et_flex_module\"><div class=\"et_pb_main_blurb_image\"><span class=\"et_pb_image_wrap\"><span class=\"et-pb-icon et-waypoint et_pb_animation_top et_pb_animation_top_tablet et_pb_animation_top_phone\">\uf086<\/span><\/span><\/div><div class=\"et_pb_blurb_container\"><h2 class=\"et_pb_module_header\">Etape 1 &#8211; Analyse de vos besoins<\/h2><div class=\"et_pb_blurb_description\"><p>Nous \u00e9changeons avec vous pour comprendre vos objectifs, vos contraintes et les besoins de vos \u00e9quipes.<\/p>\n<\/div><\/div><\/div><\/div>\n\n<div class=\"et_pb_toggle_0 et_pb_toggle et_pb_toggle_item et_pb_toggle_close et_pb_module et_flex_module\"><h5 class=\"et_pb_toggle_title\">Un \u00e9change pour poser les bases<\/h5><div class=\"et_pb_toggle_content clearfix et_flex_module\"><ul>\n<li>Objectifs QVCT, pr\u00e9vention ou \u00e9v\u00e9nement ponctuel<\/li>\n<li>Taille et profil des \u00e9quipes<\/li>\n<li>Contraintes de planning et de budget<\/li>\n<\/ul>\n<p>\u21d2 Cette \u00e9tape permet de proposer des actions r\u00e9ellement utiles et adapt\u00e9es<\/p>\n<\/div><\/div>\n\n<div class=\"et_pb_accordion_0 et_pb_accordion et_pb_module et_flex_module\">\n<div class=\"et_pb_blurb_1 et_pb_blurb et_pb_bg_layout_light et_pb_text_align_left et_pb_blurb_position_top et_pb_module et_flex_module\"><div class=\"et_pb_blurb_content et_flex_module\"><div class=\"et_pb_main_blurb_image\"><span class=\"et_pb_image_wrap\"><span class=\"et-pb-icon et-waypoint et_pb_animation_top et_pb_animation_top_tablet et_pb_animation_top_phone\">\uf46c<\/span><\/span><\/div><div class=\"et_pb_blurb_container\"><h3 class=\"et_pb_module_header\">Etape 2 &#8211; Proposition sur mesure<\/h3><div class=\"et_pb_blurb_description\"><p>Nous vous proposons des interventions adapt\u00e9es, avec des formats flexibles et un devis clair.<\/p>\n<\/div><\/div><\/div><\/div>\n<\/div>\n\n<div class=\"et_pb_accordion_1 et_pb_accordion et_pb_module et_flex_module\"><\/div>\n\n<div class=\"et_pb_toggle_1 et_pb_toggle et_pb_toggle_item et_pb_toggle_close et_pb_module et_flex_module\"><h5 class=\"et_pb_toggle_title\">Des interventions adapt\u00e9es \u00e0 votre contexte<\/h5><div class=\"et_pb_toggle_content clearfix et_flex_module\"><ul>\n<li>Choix des types d&rsquo;intervention<\/li>\n<li>Format flexible (ponctuel, r\u00e9current, journ\u00e9e,demi-journ\u00e9e&#8230;)<\/li>\n<li>Devis clair et lisible<\/li>\n<\/ul>\n<p>\u21d2 Chaque proposition est pens\u00e9e pour s&rsquo;int\u00e9grer facilement dans votre organisation existante<\/p>\n<\/div><\/div>\n\n<div class=\"et_pb_accordion_2 et_pb_accordion et_pb_module et_flex_module\">\n<div class=\"et_pb_blurb_2 et_pb_blurb et_pb_bg_layout_light et_pb_text_align_left et_pb_blurb_position_top et_pb_module et_flex_module\"><div class=\"et_pb_blurb_content et_flex_module\"><div class=\"et_pb_main_blurb_image\"><span class=\"et_pb_image_wrap\"><span class=\"et-pb-icon et-waypoint et_pb_animation_top et_pb_animation_top_tablet et_pb_animation_top_phone\">\uf085<\/span><\/span><\/div><div class=\"et_pb_blurb_container\"><h3 class=\"et_pb_module_header\">Etape 3 &#8211; Organisation et coordination<\/h3><div class=\"et_pb_blurb_description\"><p>Cab\u00e9lia organise l&rsquo;ensemble des interventions et coordonne les intervenants pour vous.<\/p>\n<\/div><\/div><\/div><\/div>\n\n<div class=\"et_pb_toggle_2 et_pb_toggle et_pb_toggle_item et_pb_toggle_close et_pb_module et_flex_module\"><h5 class=\"et_pb_toggle_title\">Cab\u00e9lia s&rsquo;occupe de tout<\/h5><div class=\"et_pb_toggle_content clearfix et_flex_module\"><ul>\n<li>S\u00e9lection des intervenants adapt\u00e9s<\/li>\n<li>Planification des interventions<\/li>\n<li>Coordination logistique<\/li>\n<li>Communication avec les intervenants<\/li>\n<\/ul>\n<p>\u21d2 Vous gagnez du temps et \u00e9vitez la multiplication des contacts<\/p>\n<\/div><\/div>\n<\/div>\n\n<div class=\"et_pb_accordion_3 et_pb_accordion et_pb_module et_flex_module\">\n<div class=\"et_pb_blurb_3 et_pb_blurb et_pb_bg_layout_light et_pb_text_align_left et_pb_blurb_position_top et_pb_module et_flex_module\"><div class=\"et_pb_blurb_content et_flex_module\"><div class=\"et_pb_main_blurb_image\"><span class=\"et_pb_image_wrap\"><span class=\"et-pb-icon et-waypoint et_pb_animation_top et_pb_animation_top_tablet et_pb_animation_top_phone\">\uf2b5<\/span><\/span><\/div><div class=\"et_pb_blurb_container\"><h3 class=\"et_pb_module_header\">Etape 4 &#8211; Intervention en entreprise<\/h3><div class=\"et_pb_blurb_description\"><p>Les prestations sont r\u00e9alis\u00e9es par des professionnels qualifi\u00e9s, dans le respect de votre environnement.<\/p>\n<\/div><\/div><\/div><\/div>\n\n<div class=\"et_pb_toggle_3 et_pb_toggle et_pb_toggle_item et_pb_toggle_close et_pb_module et_flex_module\"><h5 class=\"et_pb_toggle_title\">Des professionnels qualifi\u00e9s sur le terrain<\/h5><div class=\"et_pb_toggle_content clearfix et_flex_module\"><ul>\n<li>Les prestations sont r\u00e9alis\u00e9es par des <strong>intervenants ind\u00e9pendants certifi\u00e9s<\/strong>, s\u00e9lectionnez pour:\n<ul>\n<li>Leur expertise m\u00e9tier<\/li>\n<li>Leur posture professionnelle<\/li>\n<li>Leur capacit\u00e9 \u00e0 intervenir en entreprise<\/li>\n<\/ul>\n<p>\u21d2 Cab\u00e9lia veille au bon d\u00e9roulement de chaque intervention.<\/p>\n<\/li>\n<\/ul>\n<\/div><\/div>\n<\/div>\n\n<div class=\"et_pb_accordion_4 et_pb_accordion et_pb_module et_flex_module\">\n<div class=\"et_pb_blurb_4 et_pb_blurb et_pb_bg_layout_light et_pb_text_align_left et_pb_blurb_position_top et_pb_module et_flex_module\"><div class=\"et_pb_blurb_content et_flex_module\"><div class=\"et_pb_main_blurb_image\"><span class=\"et_pb_image_wrap\"><span class=\"et-pb-icon et-waypoint et_pb_animation_top et_pb_animation_top_tablet et_pb_animation_top_phone\">\uf15c<\/span><\/span><\/div><div class=\"et_pb_blurb_container\"><h3 class=\"et_pb_module_header\">Etape 5 &#8211; Gestion simplifi\u00e9e<\/h3><div class=\"et_pb_blurb_description\"><p>Une facturation unique et une gestion administrative prise en charge par Cab\u00e9lia.<\/p>\n<\/div><\/div><\/div><\/div>\n\n<div class=\"et_pb_toggle_4 et_pb_toggle et_pb_toggle_item et_pb_toggle_close et_pb_module et_flex_module\"><h5 class=\"et_pb_toggle_title\">Une gestion fluide et centralis\u00e9e<\/h5><div class=\"et_pb_toggle_content clearfix et_flex_module\"><ul>\n<li>Une seule facture pour l&rsquo;entreprise<\/li>\n<li>Aucune gestion contractuelle avec les intervenants<\/li>\n<li>Suivi assur\u00e9 par Cab\u00e9lia<\/li>\n<\/ul>\n<p>\u221a Simple<\/p>\n<p>\u221a Clair<\/p>\n<p>\u221a S\u00e9curis\u00e9<\/p>\n<\/div><\/div>\n<\/div>\n<\/div>\n<\/div>\n<\/div>\n\n<div class=\"et_pb_section_2 et_pb_section et_section_regular et_flex_section\"><span class=\"et_pb_background_pattern\"><\/span>\n<div class=\"et_pb_row_3 et_pb_row et_flex_row\">\n<div class=\"et_pb_column_3 et_pb_column et-last-child et_flex_column et_pb_css_mix_blend_mode_passthrough et_flex_column_24_24\">\n<div class=\"et_pb_module et_pb_button_module_wrapper et_pb_button_0_wrapper\"><a class=\"et_pb_button_0 et_pb_button et_pb_bg_layout_light et_pb_module et_flex_module\" href=\"https:\/\/cabelia.fr\/index.php\/contact-devis\/#devis\">Nous contacter<\/a><\/div>\n<\/div>\n<\/div>\n<\/div>\n\n<div class=\"et_pb_section_3 et_pb_section et_section_regular et_flex_section\">\n<div class=\"et_pb_row_4 et_pb_row et_flex_row\">\n<div class=\"et_pb_column_4 et_pb_column et-last-child et_flex_column et_pb_css_mix_blend_mode_passthrough et_flex_column_24_24\">\n<div class=\"et_pb_heading_1 et_pb_heading et_pb_module et_flex_module\"><div class=\"et_pb_heading_container\"><h2 class=\"et_pb_module_header\">Cab\u00e9lia, le lien entre l&rsquo;entreprise et les intervenants<\/h2><\/div><\/div>\n<\/div>\n<\/div>\n<\/div>\n\n<div class=\"et_pb_section_4 et_pb_section et_section_regular et_flex_section\">\n<div class=\"et_pb_row_5 et_pb_row et_flex_row\">\n<div class=\"et_pb_column_5 et_pb_column et_flex_column et_pb_css_mix_blend_mode_passthrough et_flex_column_8_24 et_flex_column_24_24_phone\">\n<div class=\"et_pb_blurb_5 et_pb_blurb et_pb_bg_layout_light et_pb_text_align_center et_pb_blurb_position_top et_pb_module et_flex_module\"><div class=\"et_pb_blurb_content et_flex_module\"><div class=\"et_pb_main_blurb_image\"><span class=\"et_pb_image_wrap\"><span class=\"et-pb-icon et-waypoint et_pb_animation_top et_pb_animation_top_tablet et_pb_animation_top_phone\">\ue0ef<\/span><\/span><\/div><div class=\"et_pb_blurb_container\"><h4 class=\"et_pb_module_header\">L&rsquo;entreprise<\/h4><div class=\"et_pb_blurb_description\"><p>Vous souhaitez mettre en place des actions bien-\u00eatre adapt\u00e9es \u00e0 vos \u00e9quipes, sans complexit\u00e9 organisationnelle.<\/p>\n<\/div><\/div><\/div><\/div>\n<\/div>\n\n<div class=\"et_pb_column_6 et_pb_column et_flex_column et_pb_css_mix_blend_mode_passthrough et_flex_column_8_24 et_flex_column_24_24_phone\">\n<div class=\"et_pb_blurb_6 et_pb_blurb et_pb_bg_layout_light et_pb_text_align_center et_pb_blurb_position_top et_pb_module et_flex_module\"><div class=\"et_pb_blurb_content et_flex_module\"><div class=\"et_pb_main_blurb_image\"><span class=\"et_pb_image_wrap\"><span class=\"et-pb-icon et-waypoint et_pb_animation_top et_pb_animation_top_tablet et_pb_animation_top_phone\">\uf0c1<\/span><\/span><\/div><div class=\"et_pb_blurb_container\"><h4 class=\"et_pb_module_header\">Cab\u00e9lia<\/h4><div class=\"et_pb_blurb_description\"><p>Cab\u00e9lia coordonne l&rsquo;ensemble du projet: analyse des besoins, organisation, coordination des intervenants et gestion administrative.<\/p>\n<\/div><\/div><\/div><\/div>\n<\/div>\n\n<div class=\"et_pb_column_7 et_pb_column et-last-child et_flex_column et_pb_css_mix_blend_mode_passthrough et_flex_column_8_24 et_flex_column_24_24_phone\">\n<div class=\"et_pb_blurb_7 et_pb_blurb et_pb_bg_layout_light et_pb_text_align_center et_pb_blurb_position_top et_pb_module et_flex_module\"><div class=\"et_pb_blurb_content et_flex_module\"><div class=\"et_pb_main_blurb_image\"><span class=\"et_pb_image_wrap\"><span class=\"et-pb-icon et-waypoint et_pb_animation_top et_pb_animation_top_tablet et_pb_animation_top_phone\">\uf4fc<\/span><\/span><\/div><div class=\"et_pb_blurb_container\"><h4 class=\"et_pb_module_header\">Les intervenants<\/h4><div class=\"et_pb_blurb_description\"><p>Des professionnels ind\u00e9pendants qualifi\u00e9s, s\u00e9lectionn\u00e9s pour leur expertise et leur capacit\u00e9 \u00e0 intervenir en entreprise.<\/p>\n<\/div><\/div><\/div><\/div>\n<\/div>\n<\/div>\n<\/div>\n\n<div class=\"et_pb_section_5 et_pb_section et_section_regular et_flex_section\">\n<div class=\"et_pb_row_6 et_pb_row et_flex_row\">\n<div class=\"et_pb_column_8 et_pb_column et-last-child et_flex_column et_pb_css_mix_blend_mode_passthrough et_flex_column_24_24\">\n<div class=\"et_pb_cta_0 et_pb_promo et_pb_bg_layout_dark et_pb_module et_flex_module\"><div class=\"et_pb_promo_description\"><h2 class=\"et_pb_module_header\">Une organisation claire et s\u00e9curis\u00e9e<\/h2><div class=\"et_pb_promo_content\"><p>Un interlocuteur unique, un cadre professionnel, une gestion simplifi\u00e9e.<\/p>\n<\/div><\/div><\/div>\n\n<div class=\"et_pb_module et_pb_button_module_wrapper et_pb_button_1_wrapper\"><a class=\"et_pb_button_1 et_pb_button et_pb_bg_layout_light et_pb_module et_flex_module\" href=\"https:\/\/cabelia.fr\/index.php\/contact-devis\/#devis\">Demander un devis<\/a><\/div>\n<\/div>\n<\/div>\n<\/div>","protected":false},"excerpt":{"rendered":"","protected":false},"author":1,"featured_media":0,"parent":0,"menu_order":0,"comment_status":"closed","ping_status":"closed","template":"","meta":{"_seopress_robots_primary_cat":"","_seopress_titles_title":"Comment fonctionne Cab\u00e9lia ? Bien-\u00eatre en entreprise cl\u00e9 en main","_seopress_titles_desc":"D\u00e9couvrez comment Cab\u00e9lia organise vos actions de bien-\u00eatre en entreprise : interlocuteur unique, coordination des intervenants et gestion simplifi\u00e9e.","_seopress_robots_index":"","footnotes":""},"class_list":["post-100","page","type-page","status-publish","hentry"],"_links":{"self":[{"href":"https:\/\/cabelia.fr\/index.php\/wp-json\/wp\/v2\/pages\/100","targetHints":{"allow":["GET"]}}],"collection":[{"href":"https:\/\/cabelia.fr\/index.php\/wp-json\/wp\/v2\/pages"}],"about":[{"href":"https:\/\/cabelia.fr\/index.php\/wp-json\/wp\/v2\/types\/page"}],"author":[{"embeddable":true,"href":"https:\/\/cabelia.fr\/index.php\/wp-json\/wp\/v2\/users\/1"}],"replies":[{"embeddable":true,"href":"https:\/\/cabelia.fr\/index.php\/wp-json\/wp\/v2\/comments?post=100"}],"version-history":[{"count":45,"href":"https:\/\/cabelia.fr\/index.php\/wp-json\/wp\/v2\/pages\/100\/revisions"}],"predecessor-version":[{"id":406,"href":"https:\/\/cabelia.fr\/index.php\/wp-json\/wp\/v2\/pages\/100\/revisions\/406"}],"wp:attachment":[{"href":"https:\/\/cabelia.fr\/index.php\/wp-json\/wp\/v2\/media?parent=100"}],"curies":[{"name":"wp","href":"https:\/\/api.w.org\/{rel}","templated":true}]}}